{"id":1104,"date":"2016-03-13T20:01:55","date_gmt":"2016-03-13T20:01:55","guid":{"rendered":"http:\/\/anomaltribu.com\/etincelle\/?page_id=1104"},"modified":"2016-03-13T20:14:33","modified_gmt":"2016-03-13T20:14:33","slug":"presse","status":"publish","type":"page","link":"http:\/\/anomaltribu.com\/etincelle\/livre\/au-commencement-etait-la-mort-de-sylvia-debecker-2\/presse\/","title":{"rendered":"Presse"},"content":{"rendered":"<h1>A propos de &#8220;Au commencement \u00e9tait la mort &#8230;&#8221; de Sylvia Debecker.<\/h1>\n<h1>Par Guillaume Sens Deterre.<\/h1>\n<h1>L\u2019\u00e9tincelle, le journal de bord d&#8217;Anomal Tribu, janvier 2014.<\/h1>\n<p><a href=\"http:\/\/anomaltribu.com\/etincelle\/wp-content\/uploads\/2014\/01\/Sylvia-Debecker-thea-Daguirys-par-Sens-Deterre.jpg\"><img loading=\"lazy\" class=\"size-thumbnail wp-image-773 alignleft\" alt=\"Sylvia Debecker thea Daguirys par Sens Deterre\" src=\"http:\/\/anomaltribu.com\/etincelle\/wp-content\/uploads\/2014\/01\/Sylvia-Debecker-thea-Daguirys-par-Sens-Deterre-150x150.jpg\" width=\"150\" height=\"150\" \/><\/a>Quelque chose entrave la libert\u00e9 de S. qui la conduit \u00e0 revenir sur ses ann\u00e9es d\u2019enfance. S., la narratrice, cherche des r\u00e9ponses. Elle se d\u00e9bat avec une amn\u00e9sie partielle. N., la s\u0153ur \u00e9gocentrique autour de qui tout le monde tourne. G., le petit ami de N., possessif et jaloux. C., le professeur de piano, les parents, la famille, les amis\u2026<\/p>\n<p>Au d\u00e9part, les fronti\u00e8res semblent claires. Je suis moi et les autres sont les autres et puis, petit \u00e0 petit, tout se m\u00e9lange, quelque chose de l\u2019autre passe en soi et ce qui est clair devient obscur. Quelque chose se d\u00e9r\u00e8gle que S. cherche \u00e0 contre effectuer. Un glissement, comme une contamination qui, loin de proc\u00e9der par dialectique du ma\u00eetre et de l\u2019esclave, se r\u00e9pand viralement dans l\u2019imaginaire de l\u2019enfant S. D\u00e8s lors elle doit se d\u00e9fendre \u00e9galement de ces personnages conceptuels qui l\u2019assaillent de l\u2019int\u00e9rieur, qui s\u2019affrontent au travers de bribes de pass\u00e9. Son nom m\u00eame sonne comme une question\u00a0: <i>est-ce\u00a0?<\/i> (S.) alors que les initiales des autres protagonistes personnifient des concepts qui entretiennent ensemble des relations \u00e9troites puis affectent les uns et les autres.<\/p>\n<p>C\u2019est une v\u00e9ritable enqu\u00eate psychologique que nous livre Sylvia Debecker, l\u2019histoire d\u2019une d\u00e9possession qui nous laisse voir la double ellipse de ce qui se d\u00e9roule \u00e0 la fois \u00e0 l\u2019ext\u00e9rieur et ce qui fait \u00e9cho \u00e0 l\u2019int\u00e9rieur de soi. Un livre en deux mouvements\u00a0: la langue de l\u2019enfance au travers des histoires de la vie commune de N. et S. et le mouvement de la conscience qui porte devant la mort les savoirs du corps. Un livre biographique, dense, authentique, o\u00f9 chaque histoire, chaque \u00e9v\u00e9nement nous conduisent in\u00e9luctablement vers un d\u00e9nouement \u00e0 rebours. .<\/p>\n<p>&nbsp;<\/p>\n","protected":false},"excerpt":{"rendered":"<p>A propos de &#8220;Au commencement \u00e9tait la mort &#8230;&#8221; de Sylvia Debecker. Par Guillaume Sens Deterre. L\u2019\u00e9tincelle, le journal de bord d&#8217;Anomal Tribu, janvier 2014. Quelque chose entrave la libert\u00e9 de S. qui la conduit \u00e0 revenir sur ses ann\u00e9es &hellip; <a href=\"http:\/\/anomaltribu.com\/etincelle\/livre\/au-commencement-etait-la-mort-de-sylvia-debecker-2\/presse\/\">Continue reading <span class=\"meta-nav\">&rarr;<\/span><\/a><\/p>\n","protected":false},"author":1,"featured_media":0,"parent":1060,"menu_order":0,"comment_status":"open","ping_status":"open","template":"","meta":{"spay_email":""},"yoast_head":"<!-- This site is optimized with the Yoast SEO plugin v16.0.2 - https:\/\/yoast.com\/wordpress\/plugins\/seo\/ -->\n<link rel=\"canonical\" href=\"http:\/\/anomaltribu.com\/etincelle\/livre\/au-commencement-etait-la-mort-de-sylvia-debecker-2\/presse\/\" \/>\n<meta property=\"og:locale\" content=\"en_US\" \/>\n<meta property=\"og:type\" content=\"article\" \/>\n<meta property=\"og:title\" content=\"Presse - L&#039;\u00e9tincelle\" \/>\n<meta property=\"og:description\" content=\"A propos de &#8220;Au commencement \u00e9tait la mort &#8230;&#8221; de Sylvia Debecker. Par Guillaume Sens Deterre. L\u2019\u00e9tincelle, le journal de bord d&#8217;Anomal Tribu, janvier 2014. Quelque chose entrave la libert\u00e9 de S. qui la conduit \u00e0 revenir sur ses ann\u00e9es &hellip; Continue reading &rarr;\" \/>\n<meta property=\"og:url\" content=\"http:\/\/anomaltribu.com\/etincelle\/livre\/au-commencement-etait-la-mort-de-sylvia-debecker-2\/presse\/\" \/>\n<meta property=\"og:site_name\" content=\"L&#039;\u00e9tincelle\" \/>\n<meta property=\"article:publisher\" content=\"https:\/\/www.facebook.com\/athaneadrahane\/\" \/>\n<meta property=\"article:modified_time\" content=\"2016-03-13T20:14:33+00:00\" \/>\n<meta property=\"og:image\" content=\"http:\/\/anomaltribu.com\/etincelle\/wp-content\/uploads\/2014\/01\/Sylvia-Debecker-thea-Daguirys-par-Sens-Deterre-150x150.jpg\" \/>\n<meta name=\"twitter:card\" content=\"summary_large_image\" \/>\n<meta name=\"twitter:label1\" content=\"Est. reading time\">\n\t<meta name=\"twitter:data1\" content=\"2 minutes\">\n<script type=\"application\/ld+json\" class=\"yoast-schema-graph\">{\"@context\":\"https:\/\/schema.org\",\"@graph\":[{\"@type\":\"WebSite\",\"@id\":\"http:\/\/anomaltribu.com\/etincelle\/#website\",\"url\":\"http:\/\/anomaltribu.com\/etincelle\/\",\"name\":\"L&#039;\\u00e9tincelle\",\"description\":\"Le Journal de bord d&#039;Anomal Tribu\",\"potentialAction\":[{\"@type\":\"SearchAction\",\"target\":\"http:\/\/anomaltribu.com\/etincelle\/?s={search_term_string}\",\"query-input\":\"required name=search_term_string\"}],\"inLanguage\":\"en-US\"},{\"@type\":\"ImageObject\",\"@id\":\"http:\/\/anomaltribu.com\/etincelle\/livre\/au-commencement-etait-la-mort-de-sylvia-debecker-2\/presse\/#primaryimage\",\"inLanguage\":\"en-US\",\"url\":\"http:\/\/anomaltribu.com\/etincelle\/wp-content\/uploads\/2014\/01\/Sylvia-Debecker-thea-Daguirys-par-Sens-Deterre.jpg\",\"width\":1000,\"height\":584},{\"@type\":\"WebPage\",\"@id\":\"http:\/\/anomaltribu.com\/etincelle\/livre\/au-commencement-etait-la-mort-de-sylvia-debecker-2\/presse\/#webpage\",\"url\":\"http:\/\/anomaltribu.com\/etincelle\/livre\/au-commencement-etait-la-mort-de-sylvia-debecker-2\/presse\/\",\"name\":\"Presse - L&#039;\\u00e9tincelle\",\"isPartOf\":{\"@id\":\"http:\/\/anomaltribu.com\/etincelle\/#website\"},\"primaryImageOfPage\":{\"@id\":\"http:\/\/anomaltribu.com\/etincelle\/livre\/au-commencement-etait-la-mort-de-sylvia-debecker-2\/presse\/#primaryimage\"},\"datePublished\":\"2016-03-13T20:01:55+00:00\",\"dateModified\":\"2016-03-13T20:14:33+00:00\",\"breadcrumb\":{\"@id\":\"http:\/\/anomaltribu.com\/etincelle\/livre\/au-commencement-etait-la-mort-de-sylvia-debecker-2\/presse\/#breadcrumb\"},\"inLanguage\":\"en-US\",\"potentialAction\":[{\"@type\":\"ReadAction\",\"target\":[\"http:\/\/anomaltribu.com\/etincelle\/livre\/au-commencement-etait-la-mort-de-sylvia-debecker-2\/presse\/\"]}]},{\"@type\":\"BreadcrumbList\",\"@id\":\"http:\/\/anomaltribu.com\/etincelle\/livre\/au-commencement-etait-la-mort-de-sylvia-debecker-2\/presse\/#breadcrumb\",\"itemListElement\":[{\"@type\":\"ListItem\",\"position\":1,\"item\":{\"@type\":\"WebPage\",\"@id\":\"http:\/\/anomaltribu.com\/etincelle\/\",\"url\":\"http:\/\/anomaltribu.com\/etincelle\/\",\"name\":\"Home\"}},{\"@type\":\"ListItem\",\"position\":2,\"item\":{\"@type\":\"WebPage\",\"@id\":\"http:\/\/anomaltribu.com\/etincelle\/livre\/\",\"url\":\"http:\/\/anomaltribu.com\/etincelle\/livre\/\",\"name\":\"Livres\"}},{\"@type\":\"ListItem\",\"position\":3,\"item\":{\"@type\":\"WebPage\",\"@id\":\"http:\/\/anomaltribu.com\/etincelle\/livre\/au-commencement-etait-la-mort-de-sylvia-debecker-2\/\",\"url\":\"http:\/\/anomaltribu.com\/etincelle\/livre\/au-commencement-etait-la-mort-de-sylvia-debecker-2\/\",\"name\":\"Au commencement \\u00e9tait la mort&#8230; de Sylvia Debecker\"}},{\"@type\":\"ListItem\",\"position\":4,\"item\":{\"@type\":\"WebPage\",\"@id\":\"http:\/\/anomaltribu.com\/etincelle\/livre\/au-commencement-etait-la-mort-de-sylvia-debecker-2\/presse\/\",\"url\":\"http:\/\/anomaltribu.com\/etincelle\/livre\/au-commencement-etait-la-mort-de-sylvia-debecker-2\/presse\/\",\"name\":\"Presse\"}}]}]}<\/script>\n<!-- \/ Yoast SEO plugin. -->","jetpack_likes_enabled":true,"jetpack_sharing_enabled":true,"_links":{"self":[{"href":"http:\/\/anomaltribu.com\/etincelle\/wp-json\/wp\/v2\/pages\/1104"}],"collection":[{"href":"http:\/\/anomaltribu.com\/etincelle\/wp-json\/wp\/v2\/pages"}],"about":[{"href":"http:\/\/anomaltribu.com\/etincelle\/wp-json\/wp\/v2\/types\/page"}],"author":[{"embeddable":true,"href":"http:\/\/anomaltribu.com\/etincelle\/wp-json\/wp\/v2\/users\/1"}],"replies":[{"embeddable":true,"href":"http:\/\/anomaltribu.com\/etincelle\/wp-json\/wp\/v2\/comments?post=1104"}],"version-history":[{"count":4,"href":"http:\/\/anomaltribu.com\/etincelle\/wp-json\/wp\/v2\/pages\/1104\/revisions"}],"predecessor-version":[{"id":1112,"href":"http:\/\/anomaltribu.com\/etincelle\/wp-json\/wp\/v2\/pages\/1104\/revisions\/1112"}],"up":[{"embeddable":true,"href":"http:\/\/anomaltribu.com\/etincelle\/wp-json\/wp\/v2\/pages\/1060"}],"wp:attachment":[{"href":"http:\/\/anomaltribu.com\/etincelle\/wp-json\/wp\/v2\/media?parent=1104"}],"curies":[{"name":"wp","href":"https:\/\/api.w.org\/{rel}","templated":true}]}}

<h1>A propos de &#8220;Au commencement était la mort &#8230;&#8221; de Sylvia Debecker.</h1>
<h1>Par Guillaume Sens Deterre.</h1>
<h1>L’étincelle, le journal de bord d&#8217;Anomal Tribu, janvier 2014.</h1>
<p><a href="http://anomaltribu.com/etincelle/wp-content/uploads/2014/01/Sylvia-Debecker-thea-Daguirys-par-Sens-Deterre.jpg"><img loading="lazy" class="size-thumbnail wp-image-773 alignleft" alt="Sylvia Debecker thea Daguirys par Sens Deterre" src="http://anomaltribu.com/etincelle/wp-content/uploads/2014/01/Sylvia-Debecker-thea-Daguirys-par-Sens-Deterre-150x150.jpg" width="150" height="150" /></a>Quelque chose entrave la liberté de S. qui la conduit à revenir sur ses années d’enfance. S., la narratrice, cherche des réponses. Elle se débat avec une amnésie partielle. N., la sœur égocentrique autour de qui tout le monde tourne. G., le petit ami de N., possessif et jaloux. C., le professeur de piano, les parents, la famille, les amis…</p>
<p>Au départ, les frontières semblent claires. Je suis moi et les autres sont les autres et puis, petit à petit, tout se mélange, quelque chose de l’autre passe en soi et ce qui est clair devient obscur. Quelque chose se dérègle que S. cherche à contre effectuer. Un glissement, comme une contamination qui, loin de procéder par dialectique du maître et de l’esclave, se répand viralement dans l’imaginaire de l’enfant S. Dès lors elle doit se défendre également de ces personnages conceptuels qui l’assaillent de l’intérieur, qui s’affrontent au travers de bribes de passé. Son nom même sonne comme une question : <i>est-ce ?</i> (S.) alors que les initiales des autres protagonistes personnifient des concepts qui entretiennent ensemble des relations étroites puis affectent les uns et les autres.</p>
<p>C’est une véritable enquête psychologique que nous livre Sylvia Debecker, l’histoire d’une dépossession qui nous laisse voir la double ellipse de ce qui se déroule à la fois à l’extérieur et ce qui fait écho à l’intérieur de soi. Un livre en deux mouvements : la langue de l’enfance au travers des histoires de la vie commune de N. et S. et le mouvement de la conscience qui porte devant la mort les savoirs du corps. Un livre biographique, dense, authentique, où chaque histoire, chaque événement nous conduisent inéluctablement vers un dénouement à rebours. .</p>
<p>&nbsp;</p>

<p>A propos de &#8220;Au commencement était la mort &#8230;&#8221; de Sylvia Debecker. Par Guillaume Sens Deterre. L’étincelle, le journal de bord d&#8217;Anomal Tribu, janvier 2014. Quelque chose entrave la liberté de S. qui la conduit à revenir sur ses années &hellip; <a href="http://anomaltribu.com/etincelle/livre/au-commencement-etait-la-mort-de-sylvia-debecker-2/presse/">Continue reading <span class="meta-nav">&rarr;</span></a></p>

<!-- This site is optimized with the Yoast SEO plugin v16.0.2 - https://yoast.com/wordpress/plugins/seo/ -->
<link rel="canonical" href="http://anomaltribu.com/etincelle/livre/au-commencement-etait-la-mort-de-sylvia-debecker-2/presse/" />
<meta property="og:locale" content="en_US" />
<meta property="og:type" content="article" />
<meta property="og:title" content="Presse - L&#039;étincelle" />
<meta property="og:description" content="A propos de &#8220;Au commencement était la mort &#8230;&#8221; de Sylvia Debecker. Par Guillaume Sens Deterre. L’étincelle, le journal de bord d&#8217;Anomal Tribu, janvier 2014. Quelque chose entrave la liberté de S. qui la conduit à revenir sur ses années &hellip; Continue reading &rarr;" />
<meta property="og:url" content="http://anomaltribu.com/etincelle/livre/au-commencement-etait-la-mort-de-sylvia-debecker-2/presse/" />
<meta property="og:site_name" content="L&#039;étincelle" />
<meta property="article:publisher" content="https://www.facebook.com/athaneadrahane/" />
<meta property="article:modified_time" content="2016-03-13T20:14:33+00:00" />
<meta property="og:image" content="http://anomaltribu.com/etincelle/wp-content/uploads/2014/01/Sylvia-Debecker-thea-Daguirys-par-Sens-Deterre-150x150.jpg" />
<meta name="twitter:card" content="summary_large_image" />
<meta name="twitter:label1" content="Est. reading time">
	<meta name="twitter:data1" content="2 minutes">
<script type="application/ld+json" class="yoast-schema-graph">{"@context":"https://schema.org","@graph":[{"@type":"WebSite","@id":"http://anomaltribu.com/etincelle/#website","url":"http://anomaltribu.com/etincelle/","name":"L&#039;\u00e9tincelle","description":"Le Journal de bord d&#039;Anomal Tribu","potentialAction":[{"@type":"SearchAction","target":"http://anomaltribu.com/etincelle/?s={search_term_string}","query-input":"required name=search_term_string"}],"inLanguage":"en-US"},{"@type":"ImageObject","@id":"http://anomaltribu.com/etincelle/livre/au-commencement-etait-la-mort-de-sylvia-debecker-2/presse/#primaryimage","inLanguage":"en-US","url":"http://anomaltribu.com/etincelle/wp-content/uploads/2014/01/Sylvia-Debecker-thea-Daguirys-par-Sens-Deterre.jpg","width":1000,"height":584},{"@type":"WebPage","@id":"http://anomaltribu.com/etincelle/livre/au-commencement-etait-la-mort-de-sylvia-debecker-2/presse/#webpage","url":"http://anomaltribu.com/etincelle/livre/au-commencement-etait-la-mort-de-sylvia-debecker-2/presse/","name":"Presse - L&#039;\u00e9tincelle","isPartOf":{"@id":"http://anomaltribu.com/etincelle/#website"},"primaryImageOfPage":{"@id":"http://anomaltribu.com/etincelle/livre/au-commencement-etait-la-mort-de-sylvia-debecker-2/presse/#primaryimage"},"datePublished":"2016-03-13T20:01:55+00:00","dateModified":"2016-03-13T20:14:33+00:00","breadcrumb":{"@id":"http://anomaltribu.com/etincelle/livre/au-commencement-etait-la-mort-de-sylvia-debecker-2/presse/#breadcrumb"},"inLanguage":"en-US","potentialAction":[{"@type":"ReadAction","target":["http://anomaltribu.com/etincelle/livre/au-commencement-etait-la-mort-de-sylvia-debecker-2/presse/"]}]},{"@type":"BreadcrumbList","@id":"http://anomaltribu.com/etincelle/livre/au-commencement-etait-la-mort-de-sylvia-debecker-2/presse/#breadcrumb","itemListElement":[{"@type":"ListItem","position":1,"item":{"@type":"WebPage","@id":"http://anomaltribu.com/etincelle/","url":"http://anomaltribu.com/etincelle/","name":"Home"}},{"@type":"ListItem","position":2,"item":{"@type":"WebPage","@id":"http://anomaltribu.com/etincelle/livre/","url":"http://anomaltribu.com/etincelle/livre/","name":"Livres"}},{"@type":"ListItem","position":3,"item":{"@type":"WebPage","@id":"http://anomaltribu.com/etincelle/livre/au-commencement-etait-la-mort-de-sylvia-debecker-2/","url":"http://anomaltribu.com/etincelle/livre/au-commencement-etait-la-mort-de-sylvia-debecker-2/","name":"Au commencement \u00e9tait la mort&#8230; de Sylvia Debecker"}},{"@type":"ListItem","position":4,"item":{"@type":"WebPage","@id":"http://anomaltribu.com/etincelle/livre/au-commencement-etait-la-mort-de-sylvia-debecker-2/presse/","url":"http://anomaltribu.com/etincelle/livre/au-commencement-etait-la-mort-de-sylvia-debecker-2/presse/","name":"Presse"}}]}]}</script>
<!-- / Yoast SEO plugin. -->
